{"id":3,"date":"2023-02-14T14:56:45","date_gmt":"2023-02-14T14:56:45","guid":{"rendered":"https:\/\/trans-daensa.com\/?page_id=3"},"modified":"2023-03-22T09:29:19","modified_gmt":"2023-03-22T09:29:19","slug":"privacy-policy","status":"publish","type":"page","link":"https:\/\/trans-daensa.com\/?page_id=3","title":{"rendered":"Pol\u00edtica de privacidad"},"content":{"rendered":"\t\t<div data-elementor-type=\"wp-page\" data-elementor-id=\"3\" class=\"elementor elementor-3\" data-elementor-post-type=\"page\">\n\t\t\t\t\t\t<section class=\"elementor-section elementor-top-section elementor-element elementor-element-bec8f09 elementor-section-boxed elementor-section-height-default elementor-section-height-default\" data-id=\"bec8f09\" data-element_type=\"section\">\n\t\t\t\t\t\t<div class=\"elementor-container elementor-column-gap-default\">\n\t\t\t\t\t<div class=\"elementor-column elementor-col-100 elementor-top-column elementor-element elementor-element-5498e11\" data-id=\"5498e11\" data-element_type=\"column\">\n\t\t\t<div class=\"elementor-widget-wrap elementor-element-populated\">\n\t\t\t\t\t\t<div class=\"elementor-element elementor-element-2b53d78 elementor-widget elementor-widget-text-editor\" data-id=\"2b53d78\" data-element_type=\"widget\" data-widget_type=\"text-editor.default\">\n\t\t\t\t<div class=\"elementor-widget-container\">\n\t\t\t<style>\/*! elementor - v3.20.0 - 13-03-2024 *\/\n.elementor-widget-text-editor.elementor-drop-cap-view-stacked .elementor-drop-cap{background-color:#69727d;color:#fff}.elementor-widget-text-editor.elementor-drop-cap-view-framed .elementor-drop-cap{color:#69727d;border:3px solid;background-color:transparent}.elementor-widget-text-editor:not(.elementor-drop-cap-view-default) .elementor-drop-cap{margin-top:8px}.elementor-widget-text-editor:not(.elementor-drop-cap-view-default) .elementor-drop-cap-letter{width:1em;height:1em}.elementor-widget-text-editor .elementor-drop-cap{float:left;text-align:center;line-height:1;font-size:50px}.elementor-widget-text-editor .elementor-drop-cap-letter{display:inline-block}<\/style>\t\t\t\t<ol><li><strong> DATOS DEL RESPONSABLE DEL TRATAMIENTO <\/strong><\/li><\/ol><p>Raz\u00f3n Social: TRANS-DAENSA, S.L. (en adelante, la \u201cEmpresa\u201d o el \u201cResponsable\u201d).<\/p><p>CIF: B04455424<\/p><p>Domicilio: \u00a0Camino Aljibe de las Cadenas N\u00ba3, 04745 La Mojonera (Almer\u00eda).<\/p><p>Email para comunicaciones en materia de Protecci\u00f3n de datos: trafico@trans-daensa.com.<\/p><ul><li><strong><u>Normativa aplicable <\/u><\/strong><\/li><\/ul><p>Nuestra Pol\u00edtica de Privacidad se ha dise\u00f1ado de acuerdo con el Reglamento General de Protecci\u00f3n de Datos de la UE 2016\/679 del Parlamento Europeo y del Consejo, de 27 de abril de 2016, relativo a la protecci\u00f3n de las personas f\u00edsicas en lo que respecta al tratamiento de datos personales y a la libre circulaci\u00f3n de estos datos y por el que se deroga la Directiva 95\/46\/CE (Reglamento general de protecci\u00f3n de datos), y en lo que no contradiga el mencionado Reglamento, por lo dispuesto en el marco legislativo espa\u00f1ol en materia de Protecci\u00f3n de Datos de Car\u00e1cter Personal.<\/p><p>Al facilitarnos sus datos, Usted declara haber le\u00eddo y conocer la presente Pol\u00edtica de Privacidad, prestando su consentimiento inequ\u00edvoco y expreso al tratamiento de sus datos personales de acuerdo a las finalidades y t\u00e9rminos aqu\u00ed expresados.<\/p><p>La Empresa podr\u00e1 modificar la presente Pol\u00edtica de Privacidad para adaptarla a las novedades legislativas, jurisprudenciales o de interpretaci\u00f3n de la Agencia Espa\u00f1ola de Protecci\u00f3n de Datos. Estas condiciones de privacidad podr\u00e1n ser complementadas por el Aviso Legal, Pol\u00edtica de Cookies y las Condiciones Generales que, en su caso, se recojan para determinados productos o servicios, si dicho acceso supone alguna especialidad en materia de protecci\u00f3n de datos de car\u00e1cter personal.<\/p><ol start=\"2\"><li><strong>FINALIDAD DEL TRATAMIENTO DE LOS DATOS PERSONALES <\/strong><\/li><\/ol><p>El tratamiento que realizamos de sus datos personales responde a las siguientes finalidades:<\/p><ul><li>Proporcionarle informaci\u00f3n relacionada con los productos y servicios que ofrece nuestra empresa y que detallan en este web site.<\/li><li>Realizar la contrataci\u00f3n de nuestros servicios mediante la aceptaci\u00f3n del correspondiente presupuesto \/ pedido y\/o la firma de un contrato mercantil.<\/li><li>Enviarle por correo electr\u00f3nico y\/o postal las noticias y novedades acerca de nuestra entidad, as\u00ed como las actualizaciones de nuestro cat\u00e1logo de productos y servicios. Y en su caso, la suscripci\u00f3n al bolet\u00edn informativo\/de noticias.<\/li><\/ul><ul><li><strong><strong><u>Plazo de Conservaci\u00f3n de sus datos<\/u><\/strong><\/strong><p>\u00a0<\/p><\/li><\/ul><p>Conservaremos sus datos personales desde que nos d\u00e9 su consentimiento hasta que lo revoque o bien solicite la limitaci\u00f3n del tratamiento. En tales casos, mantendremos sus datos de manera bloqueada durante los plazos legalmente exigidos.<\/p><ol start=\"3\"><li><strong>LEGITIMACI\u00d3N Y DATOS RECABADOS <\/strong><\/li><\/ol><p>La legitimaci\u00f3n para el tratamiento de sus datos es el consentimiento expreso otorgado mediante un acto positivo y afirmativo (rellenar el formulario correspondiente y marcar la casilla de aceptaci\u00f3n de esta pol\u00edtica) en el momento de facilitarnos sus datos personales.<\/p><ul><li><strong><u>Consentimiento para tratar sus datos <\/u><\/strong><\/li><\/ul><p>Al rellenar los formularios, marcar la casilla \u201cAcepto la Pol\u00edtica de Privacidad\u201d y hacer clic para enviar los datos, o al remitir correos electr\u00f3nicos a la Empresa a trav\u00e9s de las cuentas habilitadas al efecto, el Usuario manifiesta haber le\u00eddo y aceptado expresamente la presente pol\u00edtica de privacidad, y otorga su consentimiento inequ\u00edvoco y expreso al tratamiento de sus datos personales conforme a las finalidades indicadas.<\/p><p>El Usuario certifica que es mayor de 14 a\u00f1os y que por lo tanto posee la capacidad legal necesaria para la prestaci\u00f3n del consentimiento en cuanto al tratamiento de sus datos de car\u00e1cter personal y todo ello, de conformidad con lo establecido en la presente Pol\u00edtica de Privacidad.<\/p><ul><li><strong><u>Categor\u00edas de datos <\/u><\/strong><\/li><\/ul><p>Los datos que se recaban se refieren a la categor\u00eda de datos identificativos, como pueden ser: Nombre y Apellidos, Tel\u00e9fono, Direcci\u00f3n Postal, Empresa, Correo electr\u00f3nico, as\u00ed como la direcci\u00f3n IP desde donde accede al formulario de recogida de datos.<\/p><ol start=\"4\"><li><strong>MEDIDAS DE SEGURIDAD <\/strong><\/li><\/ol><p>Dentro de nuestro compromiso por garantizar la seguridad y confidencialidad de sus datos de car\u00e1cter personal, le informamos que se han adoptado las medidas de \u00edndole t\u00e9cnica y organizativas necesarias para garantizar la seguridad de los datos de car\u00e1cter personal y evitar su alteraci\u00f3n, p\u00e9rdida, tratamiento o acceso no autorizado, habida cuenta del estado de la tecnolog\u00eda, la naturaleza de los datos almacenados y los riesgos a que est\u00e9n expuestos, seg\u00fan el Art. 32 del RGPD EU 679\/2016.<\/p><ol start=\"5\"><li><strong>CESI\u00d3N DE DATOS<\/strong><\/li><\/ol><p>No se prev\u00e9n cesiones de datos ni transferencias internacionales de sus datos, a excepci\u00f3n de las autorizadas por la legislaci\u00f3n fiscal, mercantil y de telecomunicaciones as\u00ed como en aquellos casos en los que una autoridad judicial nos lo requiera.<\/p><ol start=\"6\"><li><strong>DERECHOS DEL USUARIO <\/strong><\/li><\/ol><p>Cualquier interesado tiene derecho a obtener confirmaci\u00f3n sobre si estamos tratando datos personales que le conciernan, o no. Las personas interesadas tienen derecho a acceder a sus datos personales, as\u00ed como a solicitar la rectificaci\u00f3n de los datos inexactos o, en su caso, solicitar su supresi\u00f3n cuando, entre otros motivos, los datos ya no sean necesarios para los fines que fueron recogidos. En determinadas circunstancias, los interesados podr\u00e1n solicitar la limitaci\u00f3n del tratamiento de sus datos, en cuyo caso \u00fanicamente los conservaremos para el ejercicio o la defensa de reclamaciones. Por motivos relacionados con su situaci\u00f3n particular, los interesados podr\u00e1n oponerse al tratamiento de sus datos. El Responsable del tratamiento dejar\u00e1 de tratar los datos, salvo por motivos leg\u00edtimos imperiosos, o el ejercicio o la defensa de posibles reclamaciones.<\/p><ul><li><strong><u>\u00bfC\u00f3mo ejercitar mis derechos? <\/u><\/strong><\/li><\/ul><p>Para ejercer sus derechos, podr\u00e1 dirigir un escrito \u00a0<strong>Camino Aljibe de las Cadenas N\u00ba3, 04745 La Mojonera (Almer\u00eda) o<\/strong> tambi\u00e9n puede enviar un email al Responsable, o en su caso, al Delegado de Protecci\u00f3n de Datos a <strong>trafico@trans-daensa.com<\/strong> solicitando el correspondiente formulario para el ejercicio del derecho elegido. Opcionalmente, puede acudir a la Autoridad de Control competente para obtener informaci\u00f3n adicional acerca de sus derechos. Recuerde acompa\u00f1ar una copia de un documento que nos permita identificarle.<\/p>\t\t\t\t\t\t<\/div>\n\t\t\t\t<\/div>\n\t\t\t\t\t<\/div>\n\t\t<\/div>\n\t\t\t\t\t<\/div>\n\t\t<\/section>\n\t\t\t\t<\/div>\n\t\t","protected":false},"excerpt":{"rendered":"<p>DATOS DEL RESPONSABLE DEL TRATAMIENTO Raz\u00f3n Social: TRANS-DAENSA, S.L. (en adelante, la \u201cEmpresa\u201d o el \u201cResponsable\u201d). CIF: B04455424 Domicilio: \u00a0Camino Aljibe de las Cadenas N\u00ba3, 04745 La Mojonera (Almer\u00eda). Email para comunicaciones en materia de Protecci\u00f3n de datos: trafico@trans-daensa.com. Normativa aplicable Nuestra Pol\u00edtica de Privacidad se ha dise\u00f1ado de acuerdo con el Reglamento General de [&hellip;]<\/p>\n","protected":false},"author":1,"featured_media":0,"parent":0,"menu_order":0,"comment_status":"closed","ping_status":"open","template":"","meta":{"footnotes":""},"class_list":["post-3","page","type-page","status-publish","hentry"],"yoast_head":"<!-- This site is optimized with the Yoast SEO plugin v27.1.1 - https:\/\/yoast.com\/product\/yoast-seo-wordpress\/ -->\n<title>Pol\u00edtica de privacidad - Trans-Daensa<\/title>\n<meta name=\"robots\" content=\"index, follow, max-snippet:-1, max-image-preview:large, max-video-preview:-1\" \/>\n<link rel=\"canonical\" href=\"https:\/\/trans-daensa.com\/?page_id=3\" \/>\n<meta property=\"og:locale\" content=\"es_ES\" \/>\n<meta property=\"og:type\" content=\"article\" \/>\n<meta property=\"og:title\" content=\"Pol\u00edtica de privacidad - Trans-Daensa\" \/>\n<meta property=\"og:description\" content=\"DATOS DEL RESPONSABLE DEL TRATAMIENTO Raz\u00f3n Social: TRANS-DAENSA, S.L. (en adelante, la \u201cEmpresa\u201d o el \u201cResponsable\u201d). CIF: B04455424 Domicilio: \u00a0Camino Aljibe de las Cadenas N\u00ba3, 04745 La Mojonera (Almer\u00eda). Email para comunicaciones en materia de Protecci\u00f3n de datos: trafico@trans-daensa.com. Normativa aplicable Nuestra Pol\u00edtica de Privacidad se ha dise\u00f1ado de acuerdo con el Reglamento General de [&hellip;]\" \/>\n<meta property=\"og:url\" content=\"https:\/\/trans-daensa.com\/?page_id=3\" \/>\n<meta property=\"og:site_name\" content=\"Trans-Daensa\" \/>\n<meta property=\"article:publisher\" content=\"https:\/\/www.facebook.com\/people\/Trans-Daensa-SL-Hermanos-Suarez\/100063509625498\/\" \/>\n<meta property=\"article:modified_time\" content=\"2023-03-22T09:29:19+00:00\" \/>\n<meta name=\"twitter:card\" content=\"summary_large_image\" \/>\n<meta name=\"twitter:label1\" content=\"Tiempo de lectura\" \/>\n\t<meta name=\"twitter:data1\" content=\"5 minutos\" \/>\n<script type=\"application\/ld+json\" class=\"yoast-schema-graph\">{\"@context\":\"https:\/\/schema.org\",\"@graph\":[{\"@type\":\"WebPage\",\"@id\":\"https:\/\/trans-daensa.com\/?page_id=3\",\"url\":\"https:\/\/trans-daensa.com\/?page_id=3\",\"name\":\"Pol\u00edtica de privacidad - Trans-Daensa\",\"isPartOf\":{\"@id\":\"https:\/\/trans-daensa.com\/#website\"},\"datePublished\":\"2023-02-14T14:56:45+00:00\",\"dateModified\":\"2023-03-22T09:29:19+00:00\",\"breadcrumb\":{\"@id\":\"https:\/\/trans-daensa.com\/?page_id=3#breadcrumb\"},\"inLanguage\":\"es\",\"potentialAction\":[{\"@type\":\"ReadAction\",\"target\":[\"https:\/\/trans-daensa.com\/?page_id=3\"]}]},{\"@type\":\"BreadcrumbList\",\"@id\":\"https:\/\/trans-daensa.com\/?page_id=3#breadcrumb\",\"itemListElement\":[{\"@type\":\"ListItem\",\"position\":1,\"name\":\"Portada\",\"item\":\"https:\/\/trans-daensa.com\/\"},{\"@type\":\"ListItem\",\"position\":2,\"name\":\"Pol\u00edtica de privacidad\"}]},{\"@type\":\"WebSite\",\"@id\":\"https:\/\/trans-daensa.com\/#website\",\"url\":\"https:\/\/trans-daensa.com\/\",\"name\":\"Trans-Daensa\",\"description\":\"Transportes nacionales e internacionales\",\"publisher\":{\"@id\":\"https:\/\/trans-daensa.com\/#organization\"},\"potentialAction\":[{\"@type\":\"SearchAction\",\"target\":{\"@type\":\"EntryPoint\",\"urlTemplate\":\"https:\/\/trans-daensa.com\/?s={search_term_string}\"},\"query-input\":{\"@type\":\"PropertyValueSpecification\",\"valueRequired\":true,\"valueName\":\"search_term_string\"}}],\"inLanguage\":\"es\"},{\"@type\":\"Organization\",\"@id\":\"https:\/\/trans-daensa.com\/#organization\",\"name\":\"Trans-Daensa\",\"url\":\"https:\/\/trans-daensa.com\/\",\"logo\":{\"@type\":\"ImageObject\",\"inLanguage\":\"es\",\"@id\":\"https:\/\/trans-daensa.com\/#\/schema\/logo\/image\/\",\"url\":\"https:\/\/trans-daensa.com\/wp-content\/uploads\/2023\/02\/Logo-Trans-Daensa.png\",\"contentUrl\":\"https:\/\/trans-daensa.com\/wp-content\/uploads\/2023\/02\/Logo-Trans-Daensa.png\",\"width\":800,\"height\":109,\"caption\":\"Trans-Daensa\"},\"image\":{\"@id\":\"https:\/\/trans-daensa.com\/#\/schema\/logo\/image\/\"},\"sameAs\":[\"https:\/\/www.facebook.com\/people\/Trans-Daensa-SL-Hermanos-Suarez\/100063509625498\/\"]}]}<\/script>\n<!-- \/ Yoast SEO plugin. -->","yoast_head_json":{"title":"Pol\u00edtica de privacidad - Trans-Daensa","robots":{"index":"index","follow":"follow","max-snippet":"max-snippet:-1","max-image-preview":"max-image-preview:large","max-video-preview":"max-video-preview:-1"},"canonical":"https:\/\/trans-daensa.com\/?page_id=3","og_locale":"es_ES","og_type":"article","og_title":"Pol\u00edtica de privacidad - Trans-Daensa","og_description":"DATOS DEL RESPONSABLE DEL TRATAMIENTO Raz\u00f3n Social: TRANS-DAENSA, S.L. (en adelante, la \u201cEmpresa\u201d o el \u201cResponsable\u201d). CIF: B04455424 Domicilio: \u00a0Camino Aljibe de las Cadenas N\u00ba3, 04745 La Mojonera (Almer\u00eda). Email para comunicaciones en materia de Protecci\u00f3n de datos: trafico@trans-daensa.com. Normativa aplicable Nuestra Pol\u00edtica de Privacidad se ha dise\u00f1ado de acuerdo con el Reglamento General de [&hellip;]","og_url":"https:\/\/trans-daensa.com\/?page_id=3","og_site_name":"Trans-Daensa","article_publisher":"https:\/\/www.facebook.com\/people\/Trans-Daensa-SL-Hermanos-Suarez\/100063509625498\/","article_modified_time":"2023-03-22T09:29:19+00:00","twitter_card":"summary_large_image","twitter_misc":{"Tiempo de lectura":"5 minutos"},"schema":{"@context":"https:\/\/schema.org","@graph":[{"@type":"WebPage","@id":"https:\/\/trans-daensa.com\/?page_id=3","url":"https:\/\/trans-daensa.com\/?page_id=3","name":"Pol\u00edtica de privacidad - Trans-Daensa","isPartOf":{"@id":"https:\/\/trans-daensa.com\/#website"},"datePublished":"2023-02-14T14:56:45+00:00","dateModified":"2023-03-22T09:29:19+00:00","breadcrumb":{"@id":"https:\/\/trans-daensa.com\/?page_id=3#breadcrumb"},"inLanguage":"es","potentialAction":[{"@type":"ReadAction","target":["https:\/\/trans-daensa.com\/?page_id=3"]}]},{"@type":"BreadcrumbList","@id":"https:\/\/trans-daensa.com\/?page_id=3#breadcrumb","itemListElement":[{"@type":"ListItem","position":1,"name":"Portada","item":"https:\/\/trans-daensa.com\/"},{"@type":"ListItem","position":2,"name":"Pol\u00edtica de privacidad"}]},{"@type":"WebSite","@id":"https:\/\/trans-daensa.com\/#website","url":"https:\/\/trans-daensa.com\/","name":"Trans-Daensa","description":"Transportes nacionales e internacionales","publisher":{"@id":"https:\/\/trans-daensa.com\/#organization"},"potentialAction":[{"@type":"SearchAction","target":{"@type":"EntryPoint","urlTemplate":"https:\/\/trans-daensa.com\/?s={search_term_string}"},"query-input":{"@type":"PropertyValueSpecification","valueRequired":true,"valueName":"search_term_string"}}],"inLanguage":"es"},{"@type":"Organization","@id":"https:\/\/trans-daensa.com\/#organization","name":"Trans-Daensa","url":"https:\/\/trans-daensa.com\/","logo":{"@type":"ImageObject","inLanguage":"es","@id":"https:\/\/trans-daensa.com\/#\/schema\/logo\/image\/","url":"https:\/\/trans-daensa.com\/wp-content\/uploads\/2023\/02\/Logo-Trans-Daensa.png","contentUrl":"https:\/\/trans-daensa.com\/wp-content\/uploads\/2023\/02\/Logo-Trans-Daensa.png","width":800,"height":109,"caption":"Trans-Daensa"},"image":{"@id":"https:\/\/trans-daensa.com\/#\/schema\/logo\/image\/"},"sameAs":["https:\/\/www.facebook.com\/people\/Trans-Daensa-SL-Hermanos-Suarez\/100063509625498\/"]}]}},"_links":{"self":[{"href":"https:\/\/trans-daensa.com\/index.php?rest_route=\/wp\/v2\/pages\/3","targetHints":{"allow":["GET"]}}],"collection":[{"href":"https:\/\/trans-daensa.com\/index.php?rest_route=\/wp\/v2\/pages"}],"about":[{"href":"https:\/\/trans-daensa.com\/index.php?rest_route=\/wp\/v2\/types\/page"}],"author":[{"embeddable":true,"href":"https:\/\/trans-daensa.com\/index.php?rest_route=\/wp\/v2\/users\/1"}],"replies":[{"embeddable":true,"href":"https:\/\/trans-daensa.com\/index.php?rest_route=%2Fwp%2Fv2%2Fcomments&post=3"}],"version-history":[{"count":11,"href":"https:\/\/trans-daensa.com\/index.php?rest_route=\/wp\/v2\/pages\/3\/revisions"}],"predecessor-version":[{"id":301,"href":"https:\/\/trans-daensa.com\/index.php?rest_route=\/wp\/v2\/pages\/3\/revisions\/301"}],"wp:attachment":[{"href":"https:\/\/trans-daensa.com\/index.php?rest_route=%2Fwp%2Fv2%2Fmedia&parent=3"}],"curies":[{"name":"wp","href":"https:\/\/api.w.org\/{rel}","templated":true}]}}